{"id":67,"date":"2020-11-09T21:23:05","date_gmt":"2020-11-09T21:23:05","guid":{"rendered":"http:\/\/davidmendozafotografo.com\/?page_id=67"},"modified":"2022-02-20T17:38:23","modified_gmt":"2022-02-20T17:38:23","slug":"sobre-mi","status":"publish","type":"page","link":"https:\/\/davidmendozafotografo.com\/?page_id=67","title":{"rendered":"SOBRE M\u00cd"},"content":{"rendered":"\t\t<div data-elementor-type=\"wp-page\" data-elementor-id=\"67\" class=\"elementor elementor-67\">\n\t\t\t\t\t\t<section class=\"elementor-section elementor-top-section elementor-element elementor-element-245c7604 elementor-section-boxed elementor-section-height-default elementor-section-height-default\" data-id=\"245c7604\" data-element_type=\"section\" data-e-type=\"section\">\n\t\t\t\t\t\t<div class=\"elementor-container elementor-column-gap-default\">\n\t\t\t\t\t<div class=\"elementor-column elementor-col-100 elementor-top-column elementor-element elementor-element-21af6cb3\" data-id=\"21af6cb3\" data-element_type=\"column\" data-e-type=\"column\">\n\t\t\t<div class=\"elementor-widget-wrap elementor-element-populated\">\n\t\t\t\t\t\t<div class=\"elementor-element elementor-element-1a3af0cc elementor-widget elementor-widget-text-editor\" data-id=\"1a3af0cc\" data-element_type=\"widget\" data-e-type=\"widget\" data-widget_type=\"text-editor.default\">\n\t\t\t\t<div class=\"elementor-widget-container\">\n\t\t\t\t\t\t\t\t\t\n<p>\u00a0\u201c<em>La fotograf\u00eda repite mec\u00e1nicamente lo que nunca m\u00e1s podr\u00e1 repetirse existencialmente\u201d<\/em>\u00a0\u00a0Lo dijo Roland Barthes y yo como fot\u00f3grafo comparto plenamente esa hip\u00f3tesis.<\/p>\n<p><!-- \/wp:paragraph --><\/p>\n<p><!-- wp:paragraph --><\/p>\n<p>De ni\u00f1o me gustaba observar las fotograf\u00edas antiguas en blanco y negro. En la adolescencia peregrinaba las cinco o seis empresas cinematogr\u00e1ficas de la ciudad donde nac\u00ed.<\/p>\n<p><!-- \/wp:paragraph --><\/p>\n<p><!-- wp:paragraph --><\/p>\n<p>Las carteleras de esos cines me llamaban poderosamente la atenci\u00f3n. Estaban compuesta por un afiche en colores y varias fotograf\u00edas en blanco y negro. Las fotos eran de tama\u00f1o 20 X 25 y 13 X 18 impresas en papel brillante. Cuando las ve\u00eda, una a una y en detalle, alucinaba, trataba de entender la historia de la pel\u00edcula. Aunque debo admitir que m\u00e1s me importaba las fotograf\u00edas que la misma pel\u00edcula. Cada imagen me fue cautivando. Fui sintiendo un gusto, una atracci\u00f3n especial por la fotograf\u00eda.<\/p>\n<p><!-- \/wp:paragraph --><\/p>\n<p><!-- wp:paragraph --><\/p>\n<p>\u00a0 \u00a0 \u00a0 \u00a0 \u00a0\u00bfSer\u00eda amor a primera vista? Yo creo que s\u00ed.<\/p>\n<p><!-- \/wp:paragraph --><\/p>\n<p><!-- wp:paragraph --><\/p>\n<p>\u00a0 \u00a0 \u00a0 \u00a0 Con el pasar del tiempo, pisando los 17 o 18 a\u00f1os, mi primera c\u00e1mara fue una Ricoh 500G de 35mm lente fijo. Aunque antes hab\u00eda manipulado una que otra c\u00e1mara de caj\u00f3n. Tambi\u00e9n us\u00e9 la famosa Zenit 12xp de 58mm, ideal para retratos. Una c\u00e1mara a la que tem\u00edan muchos fot\u00f3grafos de la \u00e9poca. Era un poco complicado su manejo, pero era muy buena. Luego, pas\u00f3 por mis manos una Mamiya, una Minolta, Olimpus, la famosa Pentax y la incomparable Canon, que lleg\u00f3 para quedarse. Eran tiempos del carrete, la pel\u00edcula o el rollo.<\/p>\n<p><!-- \/wp:paragraph --><\/p>\n<p><!-- wp:paragraph --><\/p>\n<p>\u00a0 \u00a0 \u00a0 \u00a0 Mi paso por varios medios de comunicaci\u00f3n, como fot\u00f3grafo de planta, hicieron que vea las realidades de otra forma. Descubr\u00ed que hay otro mundo m\u00e1s real, m\u00e1s \u00edntimo, pero sobre todo mas humano. Y que la fotograf\u00eda no es un simple click. Es toda una combinaci\u00f3n perfecta entre luces, sombras, sumados al lenguaje de la imagen y los sentimientos m\u00e1s \u00edntimos que puede tener las personas. Es la otra realidad que solo se ve a trav\u00e9s de un objetivo.<\/p>\n<p><!-- \/wp:paragraph --><\/p>\n<p><!-- wp:paragraph --><\/p>\n<p>Por eso me dedico a reflejar la intimidad del evento mas importante de las gentes: UNA BODA.\u00a0Desde los detalles de la ceremonia, el ajuar de los novios, la celebraci\u00f3n y la sesi\u00f3n fotogr\u00e1fica en un sitio muy bonito. Para m\u00ed, m\u00e1s que un trabajo, la fotograf\u00eda es una pasi\u00f3n, una sensaci\u00f3n que me ayuda a reflejar los sentimientos de otras personas.<\/p>\n<p><!-- \/wp:paragraph --><\/p>\n<p><!-- wp:paragraph --><\/p>\n<p>\u00a0 \u00a0 \u00a0 \u00a0Para conocerme un poco mas solo tienes que llamarme y conversaremos. Es importante planificar en detalle todos los aspectos relacionados con el evento o la sesi\u00f3n. No te olvides que las improvisaciones nunca son buenas.<\/p>\n\n<p>\u00a0 \u00a0 \u00a0 \u00a0 Hasta pronto\u2026<\/p>\n\t\t\t\t\t\t\t\t<\/div>\n\t\t\t\t<\/div>\n\t\t\t\t<div class=\"elementor-element elementor-element-ffac4a4 elementor-widget elementor-widget-image\" data-id=\"ffac4a4\" data-element_type=\"widget\" data-e-type=\"widget\" data-widget_type=\"image.default\">\n\t\t\t\t<div class=\"elementor-widget-container\">\n\t\t\t\t\t\t\t\t\t\t\t\t\t\t\t<img fetchpriority=\"high\" decoding=\"async\" width=\"300\" height=\"259\" src=\"https:\/\/i0.wp.com\/davidmendozafotografo.com\/wp-content\/uploads\/2022\/02\/Captura.jpg?fit=300%2C259&amp;ssl=1\" class=\"attachment-medium size-medium wp-image-1434\" alt=\"\" srcset=\"https:\/\/i0.wp.com\/davidmendozafotografo.com\/wp-content\/uploads\/2022\/02\/Captura.jpg?w=678&amp;ssl=1 678w, https:\/\/i0.wp.com\/davidmendozafotografo.com\/wp-content\/uploads\/2022\/02\/Captura.jpg?resize=300%2C259&amp;ssl=1 300w\" sizes=\"(max-width: 300px) 100vw, 300px\" \/>\t\t\t\t\t\t\t\t\t\t\t\t\t\t\t<\/div>\n\t\t\t\t<\/div>\n\t\t\t\t\t<\/div>\n\t\t<\/div>\n\t\t\t\t\t<\/div>\n\t\t<\/section>\n\t\t\t\t<section class=\"elementor-section elementor-top-section elementor-element elementor-element-e2a0ba7 elementor-section-boxed elementor-section-height-default elementor-section-height-default\" data-id=\"e2a0ba7\" data-element_type=\"section\" data-e-type=\"section\">\n\t\t\t\t\t\t<div class=\"elementor-container elementor-column-gap-default\">\n\t\t\t\t\t<div class=\"elementor-column elementor-col-100 elementor-top-column elementor-element elementor-element-3bd7e64\" data-id=\"3bd7e64\" data-element_type=\"column\" data-e-type=\"column\">\n\t\t\t<div class=\"elementor-widget-wrap\">\n\t\t\t\t\t\t\t<\/div>\n\t\t<\/div>\n\t\t\t\t\t<\/div>\n\t\t<\/section>\n\t\t\t\t<\/div>\n\t\t","protected":false},"excerpt":{"rendered":"<p>\u00a0\u201cLa fotograf\u00eda repite mec\u00e1nicamente lo que nunca m\u00e1s podr\u00e1 repetirse existencialmente\u201d\u00a0\u00a0Lo dijo Roland Barthes y yo como fot\u00f3grafo comparto plenamente esa hip\u00f3tesis. De ni\u00f1o me gustaba observar las fotograf\u00edas antiguas en blanco y negro. En la adolescencia peregrinaba las cinco o seis empresas cinematogr\u00e1ficas de la ciudad donde nac\u00ed. Las carteleras de esos cines me [&hellip;]<\/p>\n","protected":false},"author":1,"featured_media":0,"parent":0,"menu_order":0,"comment_status":"closed","ping_status":"closed","template":"","meta":{"om_disable_all_campaigns":false,"_monsterinsights_skip_tracking":false,"_monsterinsights_sitenote_active":false,"_monsterinsights_sitenote_note":"","_monsterinsights_sitenote_category":0,"site-sidebar-layout":"no-sidebar","site-content-layout":"default","ast-site-content-layout":"default","site-content-style":"default","site-sidebar-style":"default","ast-global-header-display":"","ast-banner-title-visibility":"","ast-main-header-display":"","ast-hfb-above-header-display":"","ast-hfb-below-header-display":"","ast-hfb-mobile-header-display":"","site-post-title":"","ast-breadcrumbs-content":"","ast-featured-img":"","footer-sml-layout":"","ast-disable-related-posts":"","theme-transparent-header-meta":"default","adv-header-id-meta":"","stick-header-meta":"","header-above-stick-meta":"","header-main-stick-meta":"","header-below-stick-meta":"","astra-migrate-meta-layouts":"default","ast-page-background-enabled":"default","ast-page-background-meta":{"desktop":{"background-color":"","background-image":"","background-repeat":"repeat","background-position":"center center","background-size":"auto","background-attachment":"scroll","background-type":"","background-media":"","overlay-type":"","overlay-color":"","overlay-opacity":"","overlay-gradient":""},"tablet":{"background-color":"","background-image":"","background-repeat":"repeat","background-position":"center center","background-size":"auto","background-attachment":"scroll","background-type":"","background-media":"","overlay-type":"","overlay-color":"","overlay-opacity":"","overlay-gradient":""},"mobile":{"background-color":"","background-image":"","background-repeat":"repeat","background-position":"center center","background-size":"auto","background-attachment":"scroll","background-type":"","background-media":"","overlay-type":"","overlay-color":"","overlay-opacity":"","overlay-gradient":""}},"ast-content-background-meta":{"desktop":{"background-color":"var(--ast-global-color-5)","background-image":"","background-repeat":"repeat","background-position":"center center","background-size":"auto","background-attachment":"scroll","background-type":"","background-media":"","overlay-type":"","overlay-color":"","overlay-opacity":"","overlay-gradient":""},"tablet":{"background-color":"var(--ast-global-color-5)","background-image":"","background-repeat":"repeat","background-position":"center center","background-size":"auto","background-attachment":"scroll","background-type":"","background-media":"","overlay-type":"","overlay-color":"","overlay-opacity":"","overlay-gradient":""},"mobile":{"background-color":"var(--ast-global-color-5)","background-image":"","background-repeat":"repeat","background-position":"center center","background-size":"auto","background-attachment":"scroll","background-type":"","background-media":"","overlay-type":"","overlay-color":"","overlay-opacity":"","overlay-gradient":""}},"footnotes":""},"class_list":["post-67","page","type-page","status-publish","hentry"],"jetpack_sharing_enabled":true,"_links":{"self":[{"href":"https:\/\/davidmendozafotografo.com\/index.php?rest_route=\/wp\/v2\/pages\/67","targetHints":{"allow":["GET"]}}],"collection":[{"href":"https:\/\/davidmendozafotografo.com\/index.php?rest_route=\/wp\/v2\/pages"}],"about":[{"href":"https:\/\/davidmendozafotografo.com\/index.php?rest_route=\/wp\/v2\/types\/page"}],"author":[{"embeddable":true,"href":"https:\/\/davidmendozafotografo.com\/index.php?rest_route=\/wp\/v2\/users\/1"}],"replies":[{"embeddable":true,"href":"https:\/\/davidmendozafotografo.com\/index.php?rest_route=%2Fwp%2Fv2%2Fcomments&post=67"}],"version-history":[{"count":5,"href":"https:\/\/davidmendozafotografo.com\/index.php?rest_route=\/wp\/v2\/pages\/67\/revisions"}],"predecessor-version":[{"id":1437,"href":"https:\/\/davidmendozafotografo.com\/index.php?rest_route=\/wp\/v2\/pages\/67\/revisions\/1437"}],"wp:attachment":[{"href":"https:\/\/davidmendozafotografo.com\/index.php?rest_route=%2Fwp%2Fv2%2Fmedia&parent=67"}],"curies":[{"name":"wp","href":"https:\/\/api.w.org\/{rel}","templated":true}]}}